n 32 is divided by h.
10
Let w(g) = 5*g - 15. Suppose 2*d = 4*d - 58. Calculate the remainder when d is divided by w(5).
9
Let k = 95 - 15. Let d be -1*(2 + -2 + 0). Suppose 4*y + d*y - k = 0. What is the remainder when y is divided by 7?
6
Let g be (-4)/(-3)*(-9)/6. Let n = g + 10. What is the remainder when -1*62*2/(-4) is divided by n?
7
Suppose -30 = -5*m - 4*n + 2*n, 0 = 4*m + n - 24. Calculate the remainder when 9 is divided by m.
3
Suppose q - 19 = -2*m + 20, -56 = -3*m - q. Suppose m = l + 4. Calculate the remainder when 49 is divided by l.
10
Suppose 4*r - 4*a - 28 = 0, -4*a - 14 = 2*r - 4. What is the remainder when 14 is divided by r/12 - 93/(-12)?
6
Suppose -2*c - 32 = -4*c. Let w = c + 39. What is the remainder when w is divided by (8/(-12))/((-6)/171)?
17
Let x(r) = r**2 + 2*r - 1. Let k = -67 - -119. Calculate the remainder when k is divided by x(3).
10
Suppose 17 = -4*n + 97. Suppose 3*f = n + 58. What is the remainder when f is divided by 7?
5
Let o(y) be the first derivative of y**4/4 - 5*y**3/3 + 3*y**2 - 5*y - 2. What is the remainder when o(4) is divided by 2?
1
Let i(z) = -z**2 - 5*z. Let q be i(-5). Let d(o) = -o**2 + o + 14. Calculate the remainder when 27 is divided by d(q).
13
Suppose 2*p - 15 = 9. Calculate the remainder when 47 is divided by p.
11
Suppose -t = 2*t - 5*m - 24, -2*t = 5*m + 9. What is the remainder when 8 is divided by t?
2
Let x be (-5 - -14)/(2/(-4)). Let h = x - -39. What is the remainder when (1/(-3))/((-1)/183) is divided by h?
19
Suppose 0 = -2*b + 2*j + 20, 33 - 3 = 3*b + 3*j. What is the remainder when 8 is divided by 64/40*b/4?
0
Let v = 4 + -6. Let l = v - -4. Suppose 0*m - l*k + 5 = 5*m, 0 = -2*k - 10. Calculate the remainder when 9 is divided by m.
0
Suppose -17*c - 111 = -451. What is the remainder when 56 is divided by c?
16
Suppose 3*q + 4*f = -338, q + 409 = -3*q + 3*f. Let z = -75 - q. Calculate the remainder when 123 is divided by z.
30
Suppose -3*n = 6, -5*n + n = -2*v + 40. Suppose 0 = 4*p - v + 4. Suppose -2*g + 0*g = 3*a - 22, 4*a - 1 = p*g. What is the remainder when 8 is divided by g?
3
Let i = -37 - -106. What is the remainder when i is divided by 14?
13
Let v = -24 - -48. Let q be (-10 - 3)*(-3 - -2). What is the remainder when v is divided by q - (1 - 1)*-1?
11
Suppose -4*o - 24 = -8*o. Suppose -4*h + 61 = -i, 2*i - 11 = -h + 11. Calculate the remainder when (-12)/5*(-75)/o is divided by h.
14
Let s = -2 + 3. What is the remainder when 64 is divided by s/((-2)/11)*-4?
20
Let p(t) = -1. Let i(l) = 5*l + 13. Let j(b) = i(b) + 4*p(b). Calculate the remainder when j(8) is divided by 17.
15
Let b(z) = 12*z**2 + 2*z - 2. What is the remainder when b(2) is divided by 26?
24
Let f(t) = t**2 + 10*t - 2. Calculate the remainder when 17 is divided by f(-11).
8
Let j = 4 + -3. What is the remainder when j/2*(80 + -2) is divided by 21?
18
Let x(t) be the first derivative of -3*t**4 - t - 3. What is the remainder when 31 is divided by x(-1)?
9
Let k(u) = -4*u - 2. Let x be k(-5). Suppose 0 = -5*z + 42 - 17. Calculate the remainder when z is divided by 2*(x/4)/3.
2
Suppose 5*y - 21 = q, 2*y - 4*q + 1 = -5. Suppose 4*m = -4*z + 4, 3*m = 5*z + 2*m - 23. Calculate the remainder when y + (-1)/(-2)*2 is divided by z.
2
Suppose -5*t + 53 = 6*f - 2*f, 2*f = t - 5. Suppose k - t - 22 = 0. Suppose 0 = 13*c - 166 + 23. What is the remainder when k is divided by c?
9
Suppose -3*d - 9 = -4*t, -3*t + 16 = t + 4*d. Let b = 3 - 1. Suppose 0 = -b*s + 3*v + 2*v + 31, 21 = 2*s - 3*v. Calculate the remainder when s is divided by t.
0
Suppose 2*w + 24 = h, -5*w - 4 - 1 = 0. Suppose 4*n + 134 = m + 2*m, -2*n - 214 = -5*m. What is the remainder when m is divided by h?
20
Let s be (2/(-3))/(1/(-9)). What is the remainder when ((-2)/s)/(2/(-186)) is divided by 11?
9
Suppose 4*d - d = 0. Suppose l - 2*l + 28 = d. Let y = -4 + 14. Calculate the remainder when l is divided by y.
8
Suppose 17 = 3*c - 2*m, 5*c + 5*m + 7 = 2. Suppose -5*n = 4*s - 16, 2*s - 7*s - 3*n = -33. What is the remainder when s is divided by c?
0
Let y = 31 - 22. What is the remainder when 17 is divided by y?
8
Let i = 1 - 6. Let u be ((-2)/i)/(1/10). Suppose 4*q - u = 8. What is the remainder when q is divided by 2?
1
Calculate the remainder when 260/6 + (-12)/(-18) is divided by (6 - 1)/(-5) + 16.
14
Suppose 3*w + 5*n = 60 + 43, n + 4 = 0. Let j(y) = y**2 + 5*y + 5. Calculate the remainder when w is divided by j(-6).
8
Let d = -7 + 4. Suppose 0 = -3*z + 2*z. Let c = z - d. Calculate the remainder when 4 is divided by c.
1
Let m be ((-4)/(-6))/((-2)/(-9)). Suppose -4*o + o - 3 = 3*x, 4*x + 28 = 2*o. Let g = o - m. Calculate the remainder when g is divided by 1.
0
Let a be -2*(1 + 6/4). Let n be (2 + a)/3*39. Let w = -10 - n. Calculate the remainder when w is divided by 8.
5
Let y(h) = -h + 2. Calculate the remainder when y(-4) is divided by 4.
2
Let o = 370 + -223. What is the remainder when ((-3)/9)/((-1)/o) is divided by 13?
10
Suppose -2*p - 8 = -6*p. Let i(m) = -m**2 - 3*m + 5. What is the remainder when p is divided by i(-4)?
0
Let q = -5 + 6. Let j(t) = t - 3. Let k be j(6). Suppose -2 = -5*a + k. Calculate the remainder when q is divided by a.
0
Let b be 2/9 - (-25)/9. Suppose 2*a + b*r = 10 + 22, 4*a - 56 = -2*r. Calculate the remainder when 25 is divided by a.
12
Suppose -2*f - 22 = -f. Let c = -8 - f. Suppose -2*v + 71 = 17. What is the remainder when v is divided by c?
13
Calculate the remainder when 8 is divided by (-4 + 3)*(-3 - (-6)/(-3)).
3
Suppose 4*l + 0*o = 2*o + 12, -2*l - 2*o = 0. What is the remainder when -7*(0 - -1)*-1 is divided by l?
1
Calculate the remainder when 62 is divided by (2/7*2)/((-142)/(-5467)).
18
Let c(l) = -l - 4. Let q be c(-6). Suppose -b = q - 7. Suppose 5*h - i = 28, -4*h = -h + b*i - 28. What is the remainder when 11 is divided by h?
5
Suppose 2*i = i + 4*y - 22, 0 = 2*i - 2*y + 44. Let f = 38 + i. Let v(u) = -u**3 - u**2 + 6*u + 9. Calculate the remainder when f is divided by v(-3).
7
What is the remainder when (-18)/(-6) + 141/3 is divided by 15?
5
Calculate the remainder when 62 is divided by -1 - (0 + -34) - (-1)/(-1).
30
Suppose -5*r + 61 = p, 2*p = 3*r - p - 51. What is the remainder when 36 is divided by r?
10
Let d be (-4)/(8/(-6)) - -1. Suppose w - 50 = -d*w. Calculate the remainder when w is divided by 4.
2
Suppose -3*m + 4 + 2 = 3*d, 5*d - 2 = -3*m. What is the remainder when (17 - d) + 9/3 is divided by 12?
10
Let w = 26 - 9. Calculate the remainder when 49 is divided by w.
15
Let n = -26 + 41. What is the remainder when n is divided by 2?
1
Let h = -47 + 49. What is the remainder when 25 is divided by h?
1
Suppose -5*l - 18 = 4*g, 0*g - 5*g = -3*l + 4. Calculate the remainder when 13 is divided by -3 - (22 + -2)/g.
6
What is the remainder when (15 - 12)*1*17 is divided by 26?
25
Suppose -59 = -5*h + 406. Let q = -2 - -3. Calculate the remainder when h/(-9)*(-2 - q) is divided by 11.
9
Suppose l - 3*t - 22 = 0, 5*l - t + 5*t - 53 = 0. What is the remainder when 49 is divided by l?
10
Let g be -77 - 3 - 0/(-1). Let m = 132 + g. Suppose 5*s = 4*l + m, -s - 4*l - 20 = -2*s. Calculate the remainder when s is divided by 3.
2
Let m = -21 - -37. What is the remainder when 46 is divided by m?
14
What is the remainder when 4/(-22) + 114/22 is divided by 2?
1
Suppose 21 = 4*s - m, -5*m = 5*s - 6 - 39. Calculate the remainder when 23 is divided by s.
5
Let l(x) = -x - 4. Let v be l(-4). Suppose g - 50 = -v*g. Calculate the remainder when g is divided by 13.
11
Suppose -q = 3*f + 1 - 77, -79 = -3*f - 4*q. Calculate the remainder when 99 is divided by f.
24
Let f(a) be the third derivative of a**5/30 - a**3/6 - a**2. Let q be f(1). Calculate the remainder when 22 is divided by (-142)/(-12) - q/(-6).
10
Let y(a) = 4*a + 2. Let h = -3 + 5. What is the remainder when y(h) is divided by 99/44*16/6?
4
Calculate the remainder when 86/2 + 1/1 is divided by 15.
14
Let x(c) = -c**3 - 2*c**2 + 5*c + 4. Let j be x(-3). Let q(r) = -12*r - 3 + 0 + 4*r. Calculate the remainder when 37 is divided by q(j).
11
Suppose -174 = -h - 0*b - 2*b, 5*h - 3*b - 857 = 0. Suppose 2*i = -2*d + 98, 4*i + h = 3*d + d. Calculate the remainder when d is divided by 12.
10
Suppose 2*j = -6 + 26. What is the remainder when j is divi